{"id":1152,"date":"2016-10-22T19:36:59","date_gmt":"2016-10-22T18:36:59","guid":{"rendered":"http:\/\/www.dpsg-grevenbroich.de\/?page_id=1152"},"modified":"2023-10-29T08:00:23","modified_gmt":"2023-10-29T07:00:23","slug":"der-vorstand","status":"publish","type":"page","link":"https:\/\/www.dpsg-grevenbroich.de\/?page_id=1152","title":{"rendered":"Der Vorstand"},"content":{"rendered":"<p style=\"text-align: center;\">Der Vorstand, das sind wir:<\/p>\n<p style=\"text-align: center;\">Andreas Scholz (Gesch\u00e4ftsf\u00fchrer, nicht auf dem Bild)<\/p>\n<p style=\"text-align: center;\">Svenja Werda(Vorstand)<\/p>\n<p style=\"text-align: center;\">Florian Hopf (Vorstand)<\/p>\n<p style=\"text-align: center;\">Daniel Gentner (Kurat)<\/p>\n<p style=\"text-align: center;\"><em><img decoding=\"async\" loading=\"lazy\" class=\"alignnone  wp-image-1470\" src=\"https:\/\/www.dpsg-grevenbroich.de\/wp-content\/uploads\/Vorstand-2023-24-225x300.jpg\" alt=\"\" width=\"399\" height=\"532\" srcset=\"https:\/\/www.dpsg-grevenbroich.de\/wp-content\/uploads\/Vorstand-2023-24-225x300.jpg 225w, https:\/\/www.dpsg-grevenbroich.de\/wp-content\/uploads\/Vorstand-2023-24-768x1024.jpg 768w, https:\/\/www.dpsg-grevenbroich.de\/wp-content\/uploads\/Vorstand-2023-24-1152x1536.jpg 1152w, https:\/\/www.dpsg-grevenbroich.de\/wp-content\/uploads\/Vorstand-2023-24-750x1000.jpg 750w, https:\/\/www.dpsg-grevenbroich.de\/wp-content\/uploads\/Vorstand-2023-24.jpg 1512w\" sizes=\"(max-width: 399px) 100vw, 399px\" \/><\/em><\/p>\n<p style=\"text-align: left;\">In der DPSG wird der Vorstand in der Stammesversammlung von den Kindern, Eltern und Leitern gew\u00e4hlt. Einer der Vorst\u00e4nde ist gleichzeitig auch geistlicher Leiter (Kurat). Der Gesch\u00e4ftsf\u00fchrer wird nicht gew\u00e4hlt. Er unterst\u00fctzt den Stamm in organisatorischen und finanziellen Fragen und Angelegenheiten.<\/p>\n<p style=\"text-align: left;\">Zu unseren Aufgaben z\u00e4hlen unter anderem:<\/p>\n<ul>\n<li style=\"text-align: left;\">Vertretung des Stammes nach Au\u00dfen<\/li>\n<li style=\"text-align: left;\">Vernetzung im Bezirk und in der Pfarreiengemeinschaft<\/li>\n<li style=\"text-align: left;\">Organisation des Stammes<\/li>\n<li style=\"text-align: left;\">Koordination der verschiedenen Arbeitskreise<\/li>\n<li style=\"text-align: left;\">F\u00f6rderung der Leiterausbildung\/-entwicklung<\/li>\n<li style=\"text-align: left;\">Ansprechpartner f\u00fcr Kinder, Eltern und Leiter<\/li>\n<\/ul>\n","protected":false},"excerpt":{"rendered":"<p>Der Vorstand, das sind wir: Andreas Scholz (Gesch\u00e4ftsf\u00fchrer, nicht auf dem Bild) Svenja Werda(Vorstand) Florian Hopf (Vorstand) Daniel Gentner (Kurat) In der DPSG wird der Vorstand in der Stammesversammlung von den Kindern, Eltern und Leitern gew\u00e4hlt. Einer der Vorst\u00e4nde ist gleichzeitig auch geistlicher Leiter (Kurat). Der Gesch\u00e4ftsf\u00fchrer wird nicht gew\u00e4hlt. Er unterst\u00fctzt den Stamm in&#8230;<\/p>\n","protected":false},"author":3,"featured_media":0,"parent":18,"menu_order":0,"comment_status":"closed","ping_status":"closed","template":"template-full.php","meta":[],"_links":{"self":[{"href":"https:\/\/www.dpsg-grevenbroich.de\/index.php?rest_route=\/wp\/v2\/pages\/1152"}],"collection":[{"href":"https:\/\/www.dpsg-grevenbroich.de\/index.php?rest_route=\/wp\/v2\/pages"}],"about":[{"href":"https:\/\/www.dpsg-grevenbroich.de\/index.php?rest_route=\/wp\/v2\/types\/page"}],"author":[{"embeddable":true,"href":"https:\/\/www.dpsg-grevenbroich.de\/index.php?rest_route=\/wp\/v2\/users\/3"}],"replies":[{"embeddable":true,"href":"https:\/\/www.dpsg-grevenbroich.de\/index.php?rest_route=%2Fwp%2Fv2%2Fcomments&post=1152"}],"version-history":[{"count":5,"href":"https:\/\/www.dpsg-grevenbroich.de\/index.php?rest_route=\/wp\/v2\/pages\/1152\/revisions"}],"predecessor-version":[{"id":1471,"href":"https:\/\/www.dpsg-grevenbroich.de\/index.php?rest_route=\/wp\/v2\/pages\/1152\/revisions\/1471"}],"up":[{"embeddable":true,"href":"https:\/\/www.dpsg-grevenbroich.de\/index.php?rest_route=\/wp\/v2\/pages\/18"}],"wp:attachment":[{"href":"https:\/\/www.dpsg-grevenbroich.de\/index.php?rest_route=%2Fwp%2Fv2%2Fmedia&parent=1152"}],"curies":[{"name":"wp","href":"https:\/\/api.w.org\/{rel}","templated":true}]}}