{"id":16,"date":"2011-09-26T14:54:31","date_gmt":"2011-09-26T14:54:31","guid":{"rendered":"https:\/\/www.dpsg-grevenbroich.de\/?page_id=16"},"modified":"2011-11-24T01:45:11","modified_gmt":"2011-11-23T23:45:11","slug":"unser-stamm","status":"publish","type":"page","link":"https:\/\/www.dpsg-grevenbroich.de\/?page_id=16","title":{"rendered":"Der Stamm"},"content":{"rendered":"<p style=\"text-align: left;\">ist seit 1975 in der Grevenbroicher S\u00fcdstadt aktiv! Er ist die Pfadfindergruppe der kath. Pfarrgemeinde St. Josef in der Grevenbroicher S\u00fcstadt. Der Stamm wurde im Februar 1975 aus der damaligen Pfarrjugend gegr\u00fcndet. Die Jugendleiter der Pfarrgemeinde St. Josef haben sich damals gegen eine KJG-Mitgliedschaft und f\u00fcr die Gr\u00fcndung eines Pfadfinderstammes entschieden. Pater Tonny Maris (erster Kurat des neugegr\u00fcndeten Stammes) hatte einige ehemaligen Pfadfinder und die Pfarrjugendleiter davon \u00fcberzeugt, dass die Pfadfinderei auch in der S\u00fcdstadt Fu\u00df fassen muss.<br \/>\nEiner der entscheidenden Gr\u00fcnde war die gute Leiterausbildung in der DPSG.<\/p>\n<div id=\"attachment_182\" style=\"width: 310px\" class=\"wp-caption alignleft\"><img aria-describedby=\"caption-attachment-182\" decoding=\"async\" loading=\"lazy\" class=\"size-medium wp-image-182 \" title=\"unser_stamm.JPG_333058241\" src=\"https:\/\/www.dpsg-grevenbroich.de\/wp-content\/uploads\/unser_stamm.JPG_333058241-300x174.jpg\" alt=\"\" width=\"300\" height=\"174\" srcset=\"https:\/\/www.dpsg-grevenbroich.de\/wp-content\/uploads\/unser_stamm.JPG_333058241-300x174.jpg 300w, https:\/\/www.dpsg-grevenbroich.de\/wp-content\/uploads\/unser_stamm.JPG_333058241.jpg 390w\" sizes=\"(max-width: 300px) 100vw, 300px\" \/><p id=\"caption-attachment-182\" class=\"wp-caption-text\">Stammeslager 2009 Gro\u00dfzerlang<\/p><\/div>\n<div>\n<p>\u00a0Seit dieser Zeit hat sich der Pfadfindergedanke in der S\u00fcdstadt etabliert. In jedem Jahr fanden Sommerlager statt und die gr\u00f6\u00dfte Errungenschaft ist die Kontinuit\u00e4t, mit der Woche f\u00fcr Woche die Truppstunden stattfinden und Jahr f\u00fcr Jahr Wochenendlager und Sommerlager durchgef\u00fchrt werden.<br \/>\nViele Gruppenleiter, die ehrenamtlich und ohne jede Verg\u00fctung t\u00e4tig sind, sind schon seit ihrer Kindheit Pfadfinder. Quereinsteiger sind meist durch Freunde zur Pfadfinderei gekommen. Ihnen gemeinsam ist ein voller Terminkalender mit mindestens 30 Terminen pro Jahr neben den w\u00f6chentlichen Truppstunden. Einige Leiter des Stammes sind auch in Doppelfunktion auf Bezirks- und Di\u00f6zesanebene der DPSG aktiv, daher ist unser Stamm bei \u00fcberregionalen Veranstaltungen oft vertreten und hat sich mittlerweile einen guten Namen erworben, nicht zuletzt durch die \u00dcbernahme von Verantwortung auf allen Ebenen des Verbandes.<\/p>\n<div>\n<div>\n<p>Heute hat der Stamm St. Josef etwa 100 Mitglieder, von denen nur ca. 1 Drittel in der S\u00fcdstadt wohnt. Die Mitglieder kommen aus fast\u00a0dem gesamten Grevenbroicher Stadtgebiet und aus Rommerskirchen zu den w\u00f6chentlichen Truppstunden in das Pfarrheim St. Josef auf der Erftwerkstra\u00dfe.<\/p>\n<\/div>\n<\/div>\n<\/div>\n","protected":false},"excerpt":{"rendered":"<p>ist seit 1975 in der Grevenbroicher S\u00fcdstadt aktiv! Er ist die Pfadfindergruppe der kath. Pfarrgemeinde St. Josef in der Grevenbroicher S\u00fcstadt. Der Stamm wurde im Februar 1975 aus der damaligen Pfarrjugend gegr\u00fcndet. Die Jugendleiter der Pfarrgemeinde St. Josef haben sich damals gegen eine KJG-Mitgliedschaft und f\u00fcr die Gr\u00fcndung eines Pfadfinderstammes entschieden. Pater Tonny Maris (erster&#8230;<\/p>\n","protected":false},"author":3,"featured_media":0,"parent":0,"menu_order":0,"comment_status":"open","ping_status":"open","template":"template-full.php","meta":[],"_links":{"self":[{"href":"https:\/\/www.dpsg-grevenbroich.de\/index.php?rest_route=\/wp\/v2\/pages\/16"}],"collection":[{"href":"https:\/\/www.dpsg-grevenbroich.de\/index.php?rest_route=\/wp\/v2\/pages"}],"about":[{"href":"https:\/\/www.dpsg-grevenbroich.de\/index.php?rest_route=\/wp\/v2\/types\/page"}],"author":[{"embeddable":true,"href":"https:\/\/www.dpsg-grevenbroich.de\/index.php?rest_route=\/wp\/v2\/users\/3"}],"replies":[{"embeddable":true,"href":"https:\/\/www.dpsg-grevenbroich.de\/index.php?rest_route=%2Fwp%2Fv2%2Fcomments&post=16"}],"version-history":[{"count":19,"href":"https:\/\/www.dpsg-grevenbroich.de\/index.php?rest_route=\/wp\/v2\/pages\/16\/revisions"}],"predecessor-version":[{"id":442,"href":"https:\/\/www.dpsg-grevenbroich.de\/index.php?rest_route=\/wp\/v2\/pages\/16\/revisions\/442"}],"wp:attachment":[{"href":"https:\/\/www.dpsg-grevenbroich.de\/index.php?rest_route=%2Fwp%2Fv2%2Fmedia&parent=16"}],"curies":[{"name":"wp","href":"https:\/\/api.w.org\/{rel}","templated":true}]}}

<p style="text-align: left;">ist seit 1975 in der Grevenbroicher Südstadt aktiv! Er ist die Pfadfindergruppe der kath. Pfarrgemeinde St. Josef in der Grevenbroicher Süstadt. Der Stamm wurde im Februar 1975 aus der damaligen Pfarrjugend gegründet. Die Jugendleiter der Pfarrgemeinde St. Josef haben sich damals gegen eine KJG-Mitgliedschaft und für die Gründung eines Pfadfinderstammes entschieden. Pater Tonny Maris (erster Kurat des neugegründeten Stammes) hatte einige ehemaligen Pfadfinder und die Pfarrjugendleiter davon überzeugt, dass die Pfadfinderei auch in der Südstadt Fuß fassen muss.<br />
Einer der entscheidenden Gründe war die gute Leiterausbildung in der DPSG.</p>
<div id="attachment_182" style="width: 310px" class="wp-caption alignleft"><img aria-describedby="caption-attachment-182" decoding="async" loading="lazy" class="size-medium wp-image-182 " title="unser_stamm.JPG_333058241" src="https://www.dpsg-grevenbroich.de/wp-content/uploads/unser_stamm.JPG_333058241-300x174.jpg" alt="" width="300" height="174" srcset="https://www.dpsg-grevenbroich.de/wp-content/uploads/unser_stamm.JPG_333058241-300x174.jpg 300w, https://www.dpsg-grevenbroich.de/wp-content/uploads/unser_stamm.JPG_333058241.jpg 390w" sizes="(max-width: 300px) 100vw, 300px" /><p id="caption-attachment-182" class="wp-caption-text">Stammeslager 2009 Großzerlang</p></div>
<div>
<p> Seit dieser Zeit hat sich der Pfadfindergedanke in der Südstadt etabliert. In jedem Jahr fanden Sommerlager statt und die größte Errungenschaft ist die Kontinuität, mit der Woche für Woche die Truppstunden stattfinden und Jahr für Jahr Wochenendlager und Sommerlager durchgeführt werden.<br />
Viele Gruppenleiter, die ehrenamtlich und ohne jede Vergütung tätig sind, sind schon seit ihrer Kindheit Pfadfinder. Quereinsteiger sind meist durch Freunde zur Pfadfinderei gekommen. Ihnen gemeinsam ist ein voller Terminkalender mit mindestens 30 Terminen pro Jahr neben den wöchentlichen Truppstunden. Einige Leiter des Stammes sind auch in Doppelfunktion auf Bezirks- und Diözesanebene der DPSG aktiv, daher ist unser Stamm bei überregionalen Veranstaltungen oft vertreten und hat sich mittlerweile einen guten Namen erworben, nicht zuletzt durch die Übernahme von Verantwortung auf allen Ebenen des Verbandes.</p>
<div>
<div>
<p>Heute hat der Stamm St. Josef etwa 100 Mitglieder, von denen nur ca. 1 Drittel in der Südstadt wohnt. Die Mitglieder kommen aus fast dem gesamten Grevenbroicher Stadtgebiet und aus Rommerskirchen zu den wöchentlichen Truppstunden in das Pfarrheim St. Josef auf der Erftwerkstraße.</p>
</div>
</div>
</div>

<p>ist seit 1975 in der Grevenbroicher Südstadt aktiv! Er ist die Pfadfindergruppe der kath. Pfarrgemeinde St. Josef in der Grevenbroicher Süstadt. Der Stamm wurde im Februar 1975 aus der damaligen Pfarrjugend gegründet. Die Jugendleiter der Pfarrgemeinde St. Josef haben sich damals gegen eine KJG-Mitgliedschaft und für die Gründung eines Pfadfinderstammes entschieden. Pater Tonny Maris (erster&#8230;</p>
