{"id":18,"date":"2011-09-26T14:54:44","date_gmt":"2011-09-26T14:54:44","guid":{"rendered":"https:\/\/www.dpsg-grevenbroich.de\/?page_id=18"},"modified":"2016-10-22T19:50:11","modified_gmt":"2016-10-22T18:50:11","slug":"unsere-stufen","status":"publish","type":"page","link":"https:\/\/www.dpsg-grevenbroich.de\/?page_id=18","title":{"rendered":"Die Altersstufen"},"content":{"rendered":"<p>In der DPSG gibt es vier verschiedene Alterstufen, in denen die Kinder und Jugendlichen sich gemeinsam in Gruppenstunden treffen und gemeinsame Aktionen &amp; Lager durchf\u00fchren, sowie die Leiter, die sie dabei begleiten und betreuen:<\/p>\n<p>&nbsp;<\/p>\n<table style=\"border-width: 0px; height: 627px;\" width=\"503\" cellspacing=\"10\">\n<tbody>\n<tr style=\"border-width: 0px;\">\n<td style=\"border-width: 0px;\" width=\"270\"><a href=\"https:\/\/www.dpsg-grevenbroich.de\/wp-content\/uploads\/woelflinge-logo-e1322094984476.jpg\"><img decoding=\"async\" loading=\"lazy\" class=\"aligncenter wp-image-173 size-full\" src=\"https:\/\/www.dpsg-grevenbroich.de\/wp-content\/uploads\/woelflinge-logo-e1322094984476.jpg\" alt=\"Wolfskopf_150_x_150\" width=\"150\" height=\"150\" \/><\/a><\/td>\n<td style=\"border-width: 0px; vertical-align: middle;\"><strong><a title=\"W\u00f6lflinge\" href=\"https:\/\/www.dpsg-grevenbroich.de\/?page_id=38\">W\u00f6lflinge (W\u00f6s)<\/a> &#8211; 7-10 Jahre<\/strong><\/td>\n<\/tr>\n<tr style=\"border-width: 0px;\">\n<td style=\"border-width: 0px;\" width=\"270\"><img decoding=\"async\" loading=\"lazy\" class=\"size-thumbnail wp-image-405 aligncenter\" title=\"Kobold\" src=\"https:\/\/www.dpsg-grevenbroich.de\/wp-content\/uploads\/KoboldJonny1.gif\" alt=\"\" width=\"60\" height=\"100\" srcset=\"https:\/\/www.dpsg-grevenbroich.de\/wp-content\/uploads\/KoboldJonny1.gif 347w, https:\/\/www.dpsg-grevenbroich.de\/wp-content\/uploads\/KoboldJonny1-180x300.gif 180w\" sizes=\"(max-width: 60px) 100vw, 60px\" \/><\/td>\n<td style=\"border-width: 0px; vertical-align: middle;\"><strong><a title=\"Jungpfadfinder\" href=\"https:\/\/www.dpsg-grevenbroich.de\/?page_id=40\">Jungpfadfinder (Juffis)<\/a> &#8211; 11-13 Jahre<\/strong><\/td>\n<\/tr>\n<tr style=\"border-width: 0px;\">\n<td style=\"border-width: 0px;\" width=\"270\"><a href=\"https:\/\/www.dpsg-grevenbroich.de\/wp-content\/uploads\/lilie_pfadi.jpg\"><img decoding=\"async\" loading=\"lazy\" class=\"aligncenter wp-image-171\" src=\"https:\/\/www.dpsg-grevenbroich.de\/wp-content\/uploads\/lilie_pfadi.jpg\" alt=\"lilie_pfadi\" width=\"102\" height=\"100\" \/><\/a><\/td>\n<td style=\"border-width: 0px; vertical-align: middle;\"><strong><a title=\"Pfadfinder\" href=\"https:\/\/www.dpsg-grevenbroich.de\/?page_id=42\">Pfadfinder (Pfadis)<\/a> &#8211; 14-16 Jahre<\/strong><\/td>\n<\/tr>\n<tr style=\"border-width: 0px;\">\n<td style=\"border-width: 0px;\" width=\"270\"><a href=\"https:\/\/www.dpsg-grevenbroich.de\/wp-content\/uploads\/rover_logo.png\"><img decoding=\"async\" loading=\"lazy\" class=\"aligncenter wp-image-401 size-full\" src=\"https:\/\/www.dpsg-grevenbroich.de\/wp-content\/uploads\/rover_logo.png\" alt=\"rover_logo\" width=\"155\" height=\"51\" \/><\/a><\/td>\n<td style=\"border-width: 0px; vertical-align: middle;\"><strong><a title=\"Rover\" href=\"https:\/\/www.dpsg-grevenbroich.de\/?page_id=44\">Rover<\/a> &#8211; 17-21 Jahre<\/strong><\/td>\n<\/tr>\n<tr style=\"border-width: 0px;\">\n<td style=\"border-width: 0px;\" width=\"270\"><a href=\"https:\/\/www.dpsg-grevenbroich.de\/wp-content\/uploads\/lilie_leiter_1.jpg\"><img decoding=\"async\" loading=\"lazy\" class=\"aligncenter wp-image-932\" src=\"https:\/\/www.dpsg-grevenbroich.de\/wp-content\/uploads\/lilie_leiter_1.jpg\" alt=\"lilie_leiter_1\" width=\"113\" height=\"110\" \/><\/a><\/td>\n<td style=\"border-width: 0px; vertical-align: middle;\"><strong><a title=\"Unsere Leiter\" href=\"https:\/\/www.dpsg-grevenbroich.de\/?page_id=51\">Leiter<\/a> &#8211; 18+ bzw. 25 Jahre<br \/>\n<a title=\"Der Vorstand\" href=\"http:\/\/www.dpsg-grevenbroich.de\/?page_id=1152\">Vorstand<\/a><br \/>\n<\/strong><\/td>\n<\/tr>\n<\/tbody>\n<\/table>\n","protected":false},"excerpt":{"rendered":"<p>In der DPSG gibt es vier verschiedene Alterstufen, in denen die Kinder und Jugendlichen sich gemeinsam in Gruppenstunden treffen und gemeinsame Aktionen &amp; Lager durchf\u00fchren, sowie die Leiter, die sie dabei begleiten und betreuen: &nbsp; W\u00f6lflinge (W\u00f6s) &#8211; 7-10 Jahre Jungpfadfinder (Juffis) &#8211; 11-13 Jahre Pfadfinder (Pfadis) &#8211; 14-16 Jahre Rover &#8211; 17-21 Jahre Leiter&#8230;<\/p>\n","protected":false},"author":3,"featured_media":0,"parent":0,"menu_order":0,"comment_status":"open","ping_status":"open","template":"template-full.php","meta":[],"_links":{"self":[{"href":"https:\/\/www.dpsg-grevenbroich.de\/index.php?rest_route=\/wp\/v2\/pages\/18"}],"collection":[{"href":"https:\/\/www.dpsg-grevenbroich.de\/index.php?rest_route=\/wp\/v2\/pages"}],"about":[{"href":"https:\/\/www.dpsg-grevenbroich.de\/index.php?rest_route=\/wp\/v2\/types\/page"}],"author":[{"embeddable":true,"href":"https:\/\/www.dpsg-grevenbroich.de\/index.php?rest_route=\/wp\/v2\/users\/3"}],"replies":[{"embeddable":true,"href":"https:\/\/www.dpsg-grevenbroich.de\/index.php?rest_route=%2Fwp%2Fv2%2Fcomments&post=18"}],"version-history":[{"count":55,"href":"https:\/\/www.dpsg-grevenbroich.de\/index.php?rest_route=\/wp\/v2\/pages\/18\/revisions"}],"predecessor-version":[{"id":1157,"href":"https:\/\/www.dpsg-grevenbroich.de\/index.php?rest_route=\/wp\/v2\/pages\/18\/revisions\/1157"}],"wp:attachment":[{"href":"https:\/\/www.dpsg-grevenbroich.de\/index.php?rest_route=%2Fwp%2Fv2%2Fmedia&parent=18"}],"curies":[{"name":"wp","href":"https:\/\/api.w.org\/{rel}","templated":true}]}}